the greatest common factor of 247 and 13?
13
What is the highest common divisor of 117 and 39?
39
Calculate the greatest common divisor of 88 and 286.
22
What is the highest common divisor of 25 and 150?
25
What is the greatest common divisor of 153 and 544?
17
Calculate the highest common factor of 135 and 35.
5
What is the greatest common factor of 9513 and 63?
63
What is the highest common factor of 437 and 23?
23
What is the greatest common divisor of 973 and 7?
7
Calculate the highest common factor of 671 and 33.
11
What is the greatest common divisor of 26 and 962?
26
Calculate the greatest common factor of 380 and 12.
4
Calculate the greatest common factor of 164 and 123.
41
What is the highest common factor of 100 and 27050?
50
What is the greatest common factor of 176 and 5148?
44
Calculate the greatest common factor of 6 and 5.
1
Calculate the highest common divisor of 16 and 48.
16
Calculate the highest common factor of 138 and 46.
46
Calculate the greatest common divisor of 7 and 182.
7
What is the greatest common divisor of 70 and 266?
14
What is the greatest common factor of 35 and 20?
5
What is the highest common factor of 260 and 156?
52
Calculate the highest common divisor of 161 and 1035.
23
Calculate the highest common factor of 830 and 40.
10
What is the greatest common divisor of 4252 and 1?
1
Calculate the highest common divisor of 889 and 254.
127
Calculate the greatest common divisor of 14061 and 86.
43
Calculate the greatest common divisor of 18 and 2934.
18
What is the greatest common factor of 24 and 1000?
8
Calculate the greatest common divisor of 32 and 464.
16
Calculate the highest common divisor of 54 and 7002.
18
What is the greatest common divisor of 100 and 35?
5
What is the highest common divisor of 90 and 310?
10
Calculate the greatest common divisor of 238 and 34.
34
Calculate the greatest common factor of 35 and 6930.
35
Calculate the greatest common divisor of 1302 and 42.
42
What is the greatest common factor of 44672 and 128?
128
Calculate the greatest common divisor of 923 and 13.
13
Calculate the highest common factor of 4 and 113.
1
Calculate the highest common factor of 125 and 6625.
125
What is the highest common divisor of 15326 and 158?
158
What is the greatest common factor of 539 and 693?
77
Calculate the greatest common divisor of 2548 and 49.
49
Calculate the greatest common divisor of 60 and 15420.
60
Calculate the highest common factor of 207 and 2007.
9
What is the greatest common factor of 3185 and 130?
65
What is the highest common factor of 468 and 27?
9
What is the greatest common factor of 3 and 1?
1
What is the highest common factor of 306 and 272?
34
Calculate the highest common factor of 144 and 13296.
48
Calculate the greatest common factor of 1593 and 295.
59
Calculate the greatest common divisor of 22 and 1815.
11
What is the highest common divisor of 5724 and 270?
54
Calculate the highest common factor of 360 and 320.
40
Calculate the highest common divisor of 124 and 434.
62
What is the greatest common factor of 2910 and 776?
194
Calculate the highest common divisor of 200 and 24500.
100
What is the greatest common factor of 4 and 108?
4
Calculate the highest common factor of 1134 and 84.
42
What is the greatest common divisor of 25 and 15?
5
What is the highest common factor of 625 and 350?
25
Calculate the highest common divisor of 47 and 376.
47
Calculate the highest common factor of 320 and 1520.
80
What is the highest common divisor of 33 and 33?
33
Calculate the highest common divisor of 214 and 17762.
214
What is the greatest common factor of 8 and 328?
8
What is the greatest common divisor of 18 and 282?
6
Calculate the highest common factor of 30 and 20.
10
What is the greatest common factor of 2816 and 176?
176
Calculate the highest common factor of 11 and 26411.
11
Calculate the highest common factor of 43998 and 6.
6
Calculate the greatest common divisor of 121 and 165.
11
Calculate the highest common factor of 17584 and 560.
112
What is the highest common divisor of 12 and 22692?
12
What is the highest common factor of 637 and 13?
13
Calculate the highest common divisor of 18 and 1503.
9
Calculate the greatest common factor of 39 and 3.
3
Calculate the highest common divisor of 6 and 76.
2
What is the highest common factor of 92 and 8?
4
Calculate the highest common factor of 148 and 3182.
74
Calculate the highest common factor of 1036 and 370.
74
What is the highest common divisor of 30 and 186?
6
Calculate the greatest common factor of 2263 and 73.
73
What is the greatest common factor of 652 and 5542?
326
What is the greatest common divisor of 387 and 688?
43
What is the greatest common factor of 105 and 1533?
21
Calculate the highest common divisor of 22 and 66.
22
What is the greatest common divisor of 13350 and 150?
150
Calculate the highest common divisor of 4 and 106.
2
Calculate the highest common factor of 20 and 1570.
10
Calculate the greatest common divisor of 2168 and 72.
8
Calculate the greatest common factor of 150 and 4225.
25
Calculate the greatest common divisor of 119 and 17.
17
Calculate the highest common factor of 423 and 47.
47
What is the highest common divisor of 1261 and 52?
13
What is the highest common divisor of 352 and 64?
32
Calculate the greatest common divisor of 40567 and 226.
113
Calculate the highest common divisor of 34056 and 66.
66
What is the greatest common factor of 4564 and 56?
28
What is the greatest common factor of 135 and 3375?
135
Calculate the greatest common factor of 37 and 19.
1
Calculate the greatest common divisor of 224 and 28.
28
Calculate the highest common factor of 1615 and 340.
85
What is the greatest common factor of 56 and 88?
8
What is the greatest common divisor of 369 and 82?
41
What is the highest common factor of 44 and 3982?
22
Calculate the highest common divisor of 5759 and 1772.
443
What is the highest common factor of 13 and 2?
1
What is the highest common factor of 805 and 1288?
161
Calculate the greatest common divisor of 3399 and 33.
33
What is the highest common factor of 260 and 60?
20
Calculate the greatest common divisor of 135 and 2619.
27
Calculate the highest common factor of 54 and 126.
18
Calculate the greatest common factor of 232 and 58.
58
Calculate the highest common divisor of 872 and 8.
8
What is the highest common divisor of 3648 and 114?
114
What is the highest common factor of 4635 and 206?
103
What is the greatest common divisor of 162 and 702?
54
Calculate the highest common divisor of 30 and 645.
15
What is the highest common divisor of 984 and 24?
24
Calculate the greatest common divisor of 297 and 66.
33
What is the highest common divisor of 61 and 976?
61
Calculate the highest common divisor of 374 and 102.
34
What is the greatest common factor of 9 and 16299?
9
What is the highest common divisor of 222 and 3034?
74
Calculate the highest common factor of 783 and 54.
27
Calculate the highest common factor of 15038 and 146.
146
What is the highest common factor of 7 and 16373?
7
What is the greatest common divisor of 9 and 72054?
9
What is the greatest common divisor of 666 and 738?
18
Calculate the greatest common factor of 2314 and 52.
26
Calculate the highest common factor of 18176 and 48.
16
Calculate the highest common divisor of 980 and 12.
4
Calculate the greatest common divisor of 6351 and 87.
87
What is the highest common factor of 16200 and 3?
3
Calculate the highest common divisor of 1159 and 61.
61
Calculate the highest common divisor of 7585 and 185.
185
What is the highest common divisor of 11 and 11957?
11
What is the highest common factor of 372 and 5084?
124
Calculate the greatest common divisor of 1200 and 276.
12
What is the greatest common divisor of 1458 and 4050?
162
Calculate the highest common factor of 305 and 61.
61
What is the greatest common factor of 402 and 30?
6
Calculate the highest common factor of 125 and 275.
25
What is the highest common factor of 1410 and 12?
6
What is the greatest common factor of 55 and 25245?
55
What is the greatest common divisor of 1012 and 2369?
23
What is the highest common divisor of 429 and 27?
3
What is the highest common factor of 165 and 30?
15
What is the highest common divisor of 361 and 1387?
19
